y(q) = q**3 - 8*q**2 - 9*q + 2. Let r be y(9). Suppose -2*n + 2 = -r. Let g(l) = -l**3 + l**2 + l + 2. What is g(n)?
0
Let t(j) = j - 8. Suppose -2*w = -4, -3*g + 2*w - 25 = -6*g. Let u be t(g). Let p(z) = -2*z**2 - 6*z**3 - z + 4*z**3 - 1 - z. Give p(u).
1
Let c(l) be the second derivative of l + 0*l**4 + 0 - 5/6*l**3 - 3/2*l**2 - 1/20*l**5. Let z(q) = q**3 + 6*q + 4. Let p(u) = -6*c(u) - 5*z(u). Calculate p(2).
6
Let h(l) = 3*l + 5. Suppose -u = -3*o - 7, 0*o + 4*o + 5*u + 41 = 0. Calculate h(o).
-7
Let h = 86 + -41. Let w be h/(-3 - -6) - -3. Let z = w - 13. Let y(j) = -j - 2. Determine y(z).
-7
Let h(d) = -91 + 40 - 4*d + 45. What is h(-5)?
14
Let b be ((-78)/(-5))/((-2)/10). Let l be b/(-21) + (-4)/(-14). Let x be (6/4)/(3/l). Let y(o) = o**3 - 3*o**2 + 4*o - 3. What is y(x)?
1
Let l(s) = s**2 - 11. Suppose -5*y + 2 = -k + 5*k, -k + 5*y + 13 = 0. Suppose 5*n - 5*b - 5 = 0, 0 = n - 4*b - k - 1. What is l(n)?
-11
Let a(c) = -c**3 + 3*c + 6. Let h(b) = 3*b**3 + b**2 - 9*b - 18. Let q(m) = 11*a(m) + 4*h(m). Determine q(-4).
6
Let g(o) = 4*o**2 - 4*o - 3*o**2 - 2*o + 2 + 0*o. Let s be g(6). Let q(v) = s - 3 - v - 4*v. What is q(-1)?
4
Let g(d) be the first derivative of -d**3/3 + 3*d**2 - 4*d + 10. Give g(3).
5
Let m(y) = -y + 1. Let f be (7/6)/((-1)/(-6)). Suppose -4*c = k + f, 5 = -k - 2*c + 4. Calculate m(k).
-4
Let o(j) = j**2 + 4*j - 1. Let d be (12/(-10))/(1/10). Let t be 33/d + 1/(-4). Determine o(t).
-4
Let j(d) = -d**2 - 6*d + 2. Let b be j(-7). Let g(z) = -z**2 - 4*z - 5. Calculate g(b).
-10
Let q(s) = 3*s - 3. Let w be 14/4*(0 - -4). Let h(b) = -10*b + 10. Suppose -2*p + 4 = 2*n + 2*n, 3*p = 3*n + 15. Let m(d) = p*h(d) + w*q(d). Give m(-2).
-6
Let a be (2 + (-6)/4)*-2. Let w be (a - (-9)/6)*2. Let o(s) be the second derivative of s**4/4 - s**3/6 + s. Give o(w).
2
Let j(x) be the first derivative of 9*x**4/4 + 2*x**3/3 + x**2 + x - 3. Determine j(-1).
-8
Let b(a) be the third derivative of -a**6/240 + a**5/40 + a**4/24 + 7*a**2. Let z(s) be the second derivative of b(s). Calculate z(2).
-3
Let m(s) = -2*s**2 + 2 + 7*s**2 - 4*s - 2*s**2. Suppose -5*b - 9 = -2*k, -10 = -k + 5*b - 3. Calculate m(k).
6
Let c(f) = 2*f + 15. Let y(w) = -w - 8. Let x(l) = 4*c(l) + 7*y(l). Determine x(5).
9
Let d(w) = 3*w + 15. Let x(s) = s. Let t(c) = d(c) - 4*x(c). Determine t(0).
15
Let o(r) = -3*r**2 + 2*r + 1. Let k(s) = -4*s**2 + 3*s + 2. Let z(v) = 2*k(v) - 3*o(v). Let y be z(1). Let m(u) = -2*u**2 + 3*u - 3. Calculate m(y).
-5
Let g = 88 + -82. Let i(w) = -w**3 + 6*w**2 - 2*w + 6. Give i(g).
-6
Let i(d) = -d + 3. Let o(y) = y**2 - 9*y - 3. Let t be o(9). Calculate i(t).
6
Suppose 2*r - l = -5*l - 16, -2*l = 10. Let c be (r/6)/(8/72). Let k(i) = -1 - 1 + c - i**3 + 3*i. What is k(-2)?
3
Let f(z) = -7 + z**3 - 3*z**2 + 8*z**2 - 4*z + 3 - 4*z. Let l be (-33)/6 + (-1)/2. Calculate f(l).
8
Let d(y) = -y + 5. Let s(i) = -2 + 4 + 1 - 1. Let m(b) = -3*d(b) + 7*s(b). Determine m(4).
11
Let x = 17 - 12. Let c(z) = -z + 2. Let j(y) = -1 - 1 + 1. Let r(t) = c(t) - 5*j(t). Calculate r(x).
2
Let d(l) = l**3 + 5*l**2 + 4*l - 3. Let v = -16 - -12. What is d(v)?
-3
Let h(y) = 9*y**2 - 6. Let n(q) = -4*q**2 + 3. Let o(l) = 3*h(l) + 7*n(l). Give o(3).
-6
Let n(z) = -z**2 + 10*z - 9. Let q be n(9). Let c(r) be the third derivative of 0*r - 1/3*r**3 + 2*r**2 + 1/120*r**6 - 1/20*r**5 - 1/8*r**4 + q. What is c(4)?
2
Let f(w) = -w**3 + 12*w**2 - 8*w - 22. Let u be f(11). Let r(q) = -q**3 + 11*q**2 - 3. Give r(u).
-3
Let a(y) = -y**2 - y. Let p(v) = -7*v**2 - 2 - 9*v**3 - v**3 + 1 + 0 - 5*v. Let n(l) = 6*a(l) - p(l). What is n(1)?
11
Let g = -21 - -26. Let y(o) = o**2 - 5*o + 6. Determine y(g).
6
Let x(b) = b. Let j(s) = -5*s + 3. Let n = 8 + -7. Let t(q) = n*j(q) + 6*x(q). Determine t(-4).
-1
Let g(q) = 3*q - 6. Let z = -14 + 20. Let d be g(z). Suppose k = 5*k - d. Let m(f) = f**3 - 4*f**2 + 3*f - 4. Calculate m(k).
-4
Let j be (-3 - -5) + 2*1. Let l = -1 - j. Let z(c) = 2*c + 4. Determine z(l).
-6
Suppose -s - 12 + 2 = 0. Let d be (8/s)/(4/(-90)). Let t(o) = d - 10 - o - 7. What is t(-5)?
6
Let g(l) = 3 + 0*l - 3*l + 4*l. Give g(-3).
0
Let n(f) be the first derivative of 3/2*f**2 + 0*f + 2. What is n(1)?
3
Let j(s) be the first derivative of 11*s**3/3 + s + 16. Calculate j(-1).
12
Suppose 2*y - 14 = 3*y. Let h(o) = -o**2 - 14*o - 4. Calculate h(y).
-4
Let h(x) be the third derivative of -x**7/630 - x**6/720 + x**5/15 - 3*x**2. Let b(y) be the third derivative of h(y). Determine b(-1).
7
Let n(i) = -i + 7. Let q = -1 - 5. Let y = q - -10. Let m be n(y). Let o(x) = -2*x**2 + 5*x - 4. Give o(m).
-7
Let u(p) = -5*p**3 + 5*p**2 + 4*p - 9. Let j(t) = 6*t**3 - 5*t**2 - 5*t + 10. Let d(g) = -4*j(g) - 5*u(g). Determine d(4).
-11
Let j(f) = 5*f + 7. Let k(q) = -11*q - 14. Let d(x) = -13*j(x) - 6*k(x). Calculate d(11).
4
Let w(k) = -1. Let g(f) = 10*f**2 - 2*f. Let y(v) = -g(v) - w(v). Determine y(-1).
-11
Let k(a) = 51 + 2*a**2 - 4*a**2 - 50 + 3*a + a**2. Determine k(4).
-3
Let a(q) = -19*q - 4. Let r(y) = 19*y + 3. Let z(w) = 4*a(w) + 3*r(w). Let b(m) = -9*m - 3. Let s(h) = 13*b(h) - 6*z(h). Calculate s(2).
-3
Let n(r) = 3*r**3 - 2*r**2 - 2*r + 2. Let z be n(2). Let w(u) = -2*u - 16. Let t be w(-9). Let v(l) = 1 - z*l**3 + 0 + 9*l**3 - 2*l**t. What is v(1)?
-6
Let a = 2 + -1. Let v(z) = -5*z**2 + a + 5*z**2 + z - 3*z**2. Give v(-1).
-3
Let i(u) = -3*u. Suppose 2*w + 6 = 3*w. Suppose -b - w = -4*b. Calculate i(b).
-6
Let t(h) be the second derivative of h**4/12 + h**3 - h**2/2 - h - 47. Determine t(-7).
6
Let j be (-15)/(-6) + (-1)/2. Let z be -4*(3/(-6) - 0). Let k(c) = 0*c + c**z - c - 1 - 1. Give k(j).
0
Let c(t) = t + 2. Let h(v) = -v - 1. Let o(r) = -r**2 - 3*r + 7. Let i be o(-5). Let a(b) = i*h(b) - c(b). Determine a(4).
9
Let s(f) = -f**2 - 11*f. Let d be s(-11). Let u(v) = -1 + 0 + d*v + v. Determine u(0).
-1
Let n(r) = r**3 + 2*r**2 + 1. Let b = -33 + 15. Let s = b + 16. What is n(s)?
1
Suppose -34*q = -28*q + 18. Let b(m) = -m**3 - m**2 + 3*m. Calculate b(q).
9
Let v be (3 + 5 - 3) + -2. Let n(b) = -2 + 3*b**2 + 4*b**3 + 2*b - 5*b**3 + 1 + 0*b**2. Give n(v).
5
Let c = -4 + -2. Let d = c - -11. Let m(r) = -3*r**2 - 2*r**2 + r**3 + 5 + r**2 + d*r - 2*r**2. Determine m(5).
5
Let g(o) = -2*o**2 + 7*o - 12 - 3 + 0*o + 10. Calculate g(4).
-9
Let j(k) = -2*k**2 - 25*k - 17. Let t(r) = r**2 + 13*r + 9. Let m(f) = -6*j(f) - 11*t(f). Suppose h - 2*l + 3 = 6, -4*h - l = 15. Determine m(h).
-9
Let b be (-62)/10 + (-1)/(-5). Let n(o) be the third derivative of 0*o - 1/2*o**3 + o**2 + 0 + 1/60*o**5 + 1/4*o**4. What is n(b)?
-3
Let i(g) = g**2 - 13*g + 13. Let t(f) = -12*f. Let d be t(-1). Let c be i(d). Let a(p) = -4*p**3 - p**2 + p. Calculate a(c).
-4
Let f(o) = 5 + o**2 + 1 - 2*o - 3. Let h(d) = 2*d**2 - 5*d - 3. Let j be h(-1). Determine f(j).
11
Let l be -1*(-1)/3*6. Let y(g) = -3*g**2 - 2*g - 8. Let u(r) = r + 1. Let v(q) = -6*u(q) - y(q). Give v(l).
6
Suppose n = -1, 4*n - 4 = 3*b - 26. Let y(i) = -i**3 + 7*i**2 - 3*i + 3. Give y(b).
21
Let f(x) = 7 - 4*x**2 + x**2 + 8*x + 2*x**2 - 8. What is f(7)?
6
Let g(s) be the first derivative of -s**3/3 + s**2 - 2*s - 9. Give g(2).
-2
Let f(b) = b + 2*b - 5 + 5 + 2. Let y be 6/14 + 24/(-7). Determine f(y).
-7
Let m(k) = 9*k**2 - k + 1. Let c(t) = -t**2 + 7*t - 5. Let z be c(5). Suppose 4 = -p + z*p. Calculate m(p).
9
Let c(x) = x**2 + 22*x - 10 - 39*x + 18*x - 2*x**2. Give c(0).
-10
Suppose 4*q = 4*j + 20, 0*j + 6 = -2*j. Let n = 6 - q. Let b(x) = -x**3 + 5*x**2 - 5*x. Give b(n).
-4
Let s(g) = g**2 + 12*g + 10. Let l be s(-12). Suppose 7*h = 2*h + 3*w + 17, -2*h = 3*w + l. Let q(t) = -t + 7*t + 0*t. Calculate q(h).
6
Suppose 2*z - 5*z = -9. Let n(h) = -1 + 4*h**3 - 2*h**2 - h + z*h + 3*h**3. What is n(1)?
6
Let j = 1 - 0. Let v be 3/7 + (-124)/28. Let h(g) = -4*g. Let k(r) = r. Let q(l) = v*k(l) + h(l). Give q(j).
-8
Let r be (-6 - -6)*1/2. Suppose o + 2*o + 12 = r. Let g = o - -1. Let s(i) = -2*i**2 - 3*i - 1. Determine s(g).
-10
Suppose -12 = 9*l - 13*l. Let j(y) be the second derivative of -y**2 - 5/12*y**4 + 0 + y - 1/20*y**5 - 5/6*y**l. Determine j(-3).
-5
Let l(i) = -i - 10. Let o be l(-10). Let q(t) = 2*t**3 + 1 + o + 0*t**3 - 5*t**2 - t**3 + t. Suppose -2*j + 4*j = 10. Calculate q(j).
6
Let s = 19 + -10. Suppose -4*a + 3*z = -